1
Suppose 4*h = 4*s + 636, -15*h + 12*h = 3*s + 453. Let b = s - -913. List the prime factors of b.
2, 379
Let o be (-59 - -21)/(9/4 - 2). Let d = o - -195. What are the prime factors of d?
43
Suppose 0 = 3*t - 3*q - 16806, 3*q = 54*t - 58*t + 22436. What are the prime factors of t?
2, 2803
Let y(r) = 450*r - 144. Let w be y(16). Suppose 72*c - w = 66*c. What are the prime factors of c?
2, 3, 7
List the prime factors of -8 + 2/((-3556561)/(-2133816) + (-10)/6).
2, 7, 379
Let r be (-15582)/21*(-2)/4. Suppose 2*w - r = w - 5*z, -w = 2*z - 377. List the prime factors of w.
3, 127
Let o be 8/(-10)*(-90)/36. Suppose s + 0 = -y - 2, 3*s - o*y = -26. What are the prime factors of 12/(-8)*292/s?
73
Let p = 342 - -46. Let j = -248 + p. What are the prime factors of j?
2, 5, 7
Let d be (-2)/9 - 454/(-18). Let a = d - 37. What are the prime factors of -1 - 3 - 6/a*38?
3, 5
Let o(b) = 17*b - 14. Let y be o(7). Let a be 1350/y*(-14)/(-3). Suppose -a = -2*r - j, -2 = 5*r + j - 155. What are the prime factors of r?
31
Suppose -3*v = -99*v + 5*v + 953771. What are the prime factors of v?
47, 223
List the prime factors of -12*(-8517)/68*608/36.
2, 19, 167
Let u = 8536 + -4799. List the prime factors of u.
37, 101
Suppose 38*n - 966 = 45*n. Let l = n + 217. What are the prime factors of l?
79
Let x(v) = 619*v**3 + v**2 + 8*v - 64. What are the prime factors of x(4)?
2, 3, 5, 11
Let f = 1331 - -111. Let l = f - 249. What are the prime factors of l?
1193
Let c(x) = 3*x + 6. Let l be c(-7). List the prime factors of (-1)/(-3) - 5305/l.
2, 3, 59
Let k(a) = -37 + 8 + 25*a + a**3 + 15*a**2 + 19. What are the prime factors of k(-8)?
2, 7, 17
Suppose -12 - 9 = -7*i. Suppose 0 = -i*f + 465 + 1026. What are the prime factors of f?
7, 71
Let l = -98 + 106. Suppose -l*h + 28 = -h. Suppose -40 + 8 = -h*k. What are the prime factors of k?
2
Let n = 45 - 234. Let c = -173 - n. What are the prime factors of c?
2
Let h = -465 + 1158. Suppose -4*f + 1046 = -2*x, x + h = 3*f - 90. List the prime factors of f.
2, 5, 13
Suppose 2*v - 31220 = -4*w, -3*w - v + 5*v + 23393 = 0. Suppose -15*y + w + 5262 = 0. List the prime factors of y.
13, 67
Let t be ((-63)/42)/((-3)/4). Suppose 2*v - 8 = 3*v - 3*m, 0 = 2*v - t*m + 4. List the prime factors of v/4 - (-390)/8.
7
Suppose 265 = 2*i + 3*i. Suppose 0*d - 5*d - f = -291, -5*f - i = -d. Let m = -15 + d. What are the prime factors of m?
43
Let o = 9346 + -5771. List the prime factors of o.
5, 11, 13
Let c = -244 + 245. Let z(o) = 943*o**2 - 6*o. What are the prime factors of z(c)?
937
Suppose -j - 52*i + 8237 = -55*i, 5*i + 10 = 0. List the prime factors of j.
8231
Let f = -156 - -154. Let b(w) = -w**2 - w + 2. Let x be b(f). Suppose x*m + m = -2*t + 54, 4 = m. List the prime factors of t.
5
Let o = -8 + 8. Suppose 102 = -o*g - 6*g. Let d = g - -73. List the prime factors of d.
2, 7
Let b be (3/(-9))/(-2 - 69/(-36)). Suppose 2*z - 6*z = 2*t - 1280, -3*t - b*z = -1916. List the prime factors of t.
2, 3, 53
What are the prime factors of (-9 - -7)*4/28 - 60657/(-7)?
5, 1733
Let j(b) be the first derivative of 11*b**4/4 - 5*b**3/3 + 2*b**2 - 12*b - 96. What are the prime factors of j(4)?
2, 157
Let m(l) = l**3 + 8*l**2 + 9*l. Let y be m(-4). Suppose -f = -5*c - 19, 4*f + 0*c - 4*c - y = 0. Suppose -f*n + 240 = 52. What are the prime factors of n?
47
Suppose -m - 3*u = 659, 0*m - u = -3*m - 2007. Let q = m + 1245. List the prime factors of q.
577
Let w be 2/(-8) + 462/88. Let c(p) = 49*p + 9. List the prime factors of c(w).
2, 127
What are the prime factors of (-41736)/(-7) - (-126)/(-441)?
2, 11, 271
Let k = -27 + 75. Suppose -2*b + k = 4*b. What are the prime factors of (-2)/b - (2 + 1939/(-28))?
67
Let j = 7031 - 2655. What are the prime factors of j?
2, 547
Suppose 897 = -7*z - 6*z. Let w = 137 + z. List the prime factors of w.
2, 17
Let c be (-13)/(-65)*(-30)/8*-4. Let r(f) = 11*f**3 + f**2 + 4*f - 5. What are the prime factors of r(c)?
313
Let g(t) = -4191*t - 175. List the prime factors of g(-11).
2, 22963
Suppose -17*f + 19*f = 4. Let r(j) = -j**3 + 484. Let l be r(0). Suppose -d + 324 = d + f*k, -4*k + l = 3*d. What are the prime factors of d?
2, 41
Let t(r) = 7*r - 61. Let m be t(-20). Let b = 273 - m. List the prime factors of b.
2, 3, 79
Let i = -32 + 24. Let j be 27/(-9) - (i - (0 + 0)). Suppose 0 = j*g - 78 - 507. List the prime factors of g.
3, 13
Suppose 26*w + 15*w = -27*w + 634576. List the prime factors of w.
2, 2333
Let y(g) = -g**3 + g**2 + g - 2. Let v(c) = -3*c**3 + 23*c**2 - 12*c + 38. Let k(a) = -v(a) + 2*y(a). What are the prime factors of k(21)?
2, 3, 7
Let m(r) = -2*r - 43. Let u = -152 + 129. Let q be m(u). Suppose -4*a + 322 = 2*y, 136 + 350 = 3*y + q*a. What are the prime factors of y?
163
Let k(l) = 1939*l**3 - l**2 + 4*l - 7. What are the prime factors of k(2)?
13, 1193
What are the prime factors of 48834/4*(-408)/(-918)?
2, 2713
Suppose 0 = -4*k + 5*b - 2*b + 44909, 44917 = 4*k + 5*b. List the prime factors of k.
2, 7, 401
Let q = -1549 + 2529. Let w = q + -446. What are the prime factors of w?
2, 3, 89
Let w(l) be the second derivative of 17*l**3/6 - 59*l**2/2 - 3779*l. Let c = -7 + 17. List the prime factors of w(c).
3, 37
Let r = 127637 - 90505. List the prime factors of r.
2, 9283
Let k(v) = 34*v**3 - 3*v**2 + 2*v. Let u be k(2). Let i(m) = -10*m**2 + 384*m - 1522. Let s be i(4). Let f = s + u. What are the prime factors of f?
2, 59
Suppose 0 = 5*p - 5*t + 3*t - 34078, 4*p + 5*t = 27302. List the prime factors of p.
2, 7, 487
Suppose 0 = -10*z + 9*z + 5. Suppose 0 = 4*v - z*v - 180. List the prime factors of (3/((-12)/10))/(5/v).
2, 3, 5
Let o be 2*((-202)/4 - 1). Suppose -2*y = 11*r - 488, -r + 31 = -2*y - 9. Let w = r - o. List the prime factors of w.
3, 7
List the prime factors of ((7 - 1) + -2)*(11721 - -1).
2, 5861
Suppose 0 = 5*j - 3*u + 26 + 232, 5*j + 4*u + 251 = 0. Let w = j + 55. Suppose 2*n + o = -0*o + 78, 0 = w*o + 8. What are the prime factors of n?
2, 5
Let g(c) = c**2 - 19*c + 16. Let o be g(19). Suppose -2*d - o - 742 = -3*w, -w = -d - 254. List the prime factors of w.
2, 5
Let o(f) = 4*f**3 - 6*f + 1. Let x(a) = a**2 - 6*a - 23. Let d(q) = -q**2 + 12*q - 23. Let i be d(8). Let y be x(i). List the prime factors of o(y).
233
Let k(i) = 34*i + 9. Suppose -11*u = -4*u - 28. Let d be k(u). What are the prime factors of (d/116)/((-1)/(-60))?
3, 5
Let u(x) = 1765*x - 120. List the prime factors of u(2).
2, 5, 11, 31
Let f = -64 + 129. What are the prime factors of (-3702)/(-10) - 13/f?
2, 5, 37
Let h be (-3 - -575)*(-1 + (-9)/(-6)). Let j = -32 + h. List the prime factors of j.
2, 127
What are the prime factors of 1/(10/(-37035)*(-45)/30)?
3, 823
Let d(t) = t**2 + 174*t - 3101. List the prime factors of d(127).
2, 7, 13, 193
Let f(v) = -298*v + 29. Let g(b) = -1192*b + 119. Let m(r) = 9*f(r) - 2*g(r). What are the prime factors of m(-3)?
7, 131
Let g(m) = -116*m - 216. Let h be g(9). Let i = h - -1863. What are the prime factors of i?
3, 67
Let y = 14 - 10. Suppose -z + 0 = y*x - 13, 2*z = 3*x - 18. Suppose -2*w + 202 = w + x*k, 4*w - 240 = 2*k. What are the prime factors of w?
2, 31
Let a(f) = -77*f - 32. Let j be a(-9). Suppose -j = -62*g + 61*g. What are the prime factors of g?
661
Let d be 199/4*-1 + 24/32. Let o = d - -109. List the prime factors of o.
2, 3, 5
Let h(o) = 5*o**2 + o. Let q be h(-1). Suppose -2*m = -5*b + 22, q*m = b - 0*b - 8. Suppose 0 = 9*d - b*d - 855. What are the prime factors of d?
3, 19
Let l(n) = 57*n**2 - 505*n - 7. List the prime factors of l(12).
2141
Suppose -v - 4*i + 1 = -30, -3*v + 58 = 5*i. Suppose 3*w + 4*q = -0*q + 665, -1065 = -5*w + 2*q. Suppose -w = -16*c + v*c. What are the prime factors of c?
43
Suppose -13310 + 11071 = -35*h + 24081. List the prime factors of h.
2, 47
Let a(n) = -n**2 + 19*n - 32. Let j be a(17). Let b(w) = 110*w - 2. List the prime factors of b(j).
2, 109
Let q = -32 + 34. Suppose -3*j + 7 = -4*r, q*j + 2*r - 14 = -0. Suppose j*k - k - 152 = 0. List the prime factors of k.
2, 19
Suppose 3*i + 3*v - 74280 = 0, 2*i - 57782 + 8292 = -7*v. List the prime factors of i.
2, 7, 29, 61
Let m = -5757 - -6385. What are the prime factors of m?
2, 157
Let o = 167 + -97. Suppose -o = -u - 4*u. What are the prime factors of 0 + (-4)/(-14) - (-836